 b and 140.
20
Suppose -16*v + 10*v = -66. What is the greatest common divisor of v and 88?
11
Suppose -2*g - 3 = -3*g. Suppose -3*l + 150 = 5*r, -g*r = l - 5*r - 39. Let q(j) = j**2 + j - 2. Let h be q(4). What is the greatest common factor of l and h?
9
Let o be (28*2 - 4 - -2) + 2. What is the highest common factor of 42 and o?
14
Let o(k) = k**3 + 3*k**2 - k. Let y be o(4). Let l = -188 - -200. What is the highest common factor of l and y?
12
Let h(p) = 7*p - 5. Let y be h(2). What is the highest common divisor of y and 54?
9
Suppose -5*r = -3*x + 27, x + 3 = -3*r - 16. Let p be r/((-2)/4*2). Calculate the highest common factor of 24 and p.
6
Let l(u) = 5*u**2 - 4*u - 2. Let g be l(2). Calculate the greatest common factor of g and 20.
10
Let a be (9/12)/(2/120). What is the highest common factor of 9 and a?
9
Let w(o) = o**3 + 7*o**2 + 10*o - 4. Let y be w(-9). Let r = 452 + y. Suppose r = 5*x - 79. Calculate the highest common divisor of 11 and x.
11
Let v(t) = t. Let d(q) = -1. Let i(j) = 2*d(j) + 2*v(j). Let f be i(4). Calculate the highest common factor of 4 and f.
2
Suppose 6*v - 75 = v. Suppose j + 2*j = v. Suppose -2*y + 44 = -4*k, -k + 3*k + 110 = j*y. Calculate the greatest common factor of y and 55.
11
Suppose 21*o - 102 = 18*o. What is the highest common factor of o and 68?
34
Suppose 44 = w - 0*w + 4*x, 0 = 2*w + 2*x - 64. Suppose s + 5*h = -0*h - 22, 2*s - h + 33 = 0. Let y = w + s. What is the highest common divisor of y and 11?
11
Let b be 6*((-18)/(-4) - 1). Let q be (-6)/4*4/(-2). Suppose q*h + 0*o = -5*o + b, -2*h - 4*o + 14 = 0. What is the highest common factor of h and 21?
7
Let r be -1*(-2 + 2 + 0). Suppose -w - 3*w + 68 = r. What is the highest common factor of w and 34?
17
Suppose 0*q + q + 90 = 4*o, q = 2. Let v = 132 + 52. What is the greatest common divisor of v and o?
23
Let g(b) = 2*b - b**2 - 11 - 2*b - b + 2*b**2. Let h be g(11). Calculate the greatest common factor of 11 and h.
11
Let p(z) = -4*z - 16. Let l be p(-13). What is the greatest common divisor of 4 and l?
4
Let i be (10 - (3 + -3))*1. Calculate the highest common factor of i and 170.
10
Let s = 14 + -6. Calculate the highest common divisor of s and 40.
8
Suppose -2*o + 3 = -1. Let d = o + 5. Let c be 81/12 + (-1)/(-4). What is the highest common divisor of c and d?
7
Let v be ((-3)/4)/((-1)/(106 - -6)). Calculate the highest common factor of 24 and v.
12
Let a(b) = b - 2*b**2 + 6 + 4 + b**2. Let i be a(0). What is the greatest common factor of 90 and i?
10
Let x be (9 + -6)*8/6. Suppose -5*u - 4*g - 17 = -141, 108 = x*u + g. Calculate the highest common factor of 7 and u.
7
Let w(y) = 7*y**2 - y**3 + 3*y**2 - 9 + 10*y - 2*y**2. Let u be w(9). Suppose -h - 5 + 25 = u. Calculate the highest common divisor of 30 and h.
10
Let d be 88/24 + 4/3. Suppose -5*n + 4*h = -48, d*n - 3*n - 15 = 3*h. Calculate the highest common divisor of n and 24.
12
Let a = 23 - 15. Suppose 0*d + 3*d - 23 = -g, 0 = -d - 5*g + 3. What is the highest common divisor of d and a?
8
Let k be (-27 - 13) + (-1 - -2). Let g = 61 + k. Calculate the highest common factor of g and 66.
22
Let d = 262 + -142. What is the greatest common divisor of 24 and d?
24
Let y(s) = -s**2 + 13*s - 10. Let z be y(12). Calculate the highest common factor of z and 16.
2
Suppose 16 + 344 = 5*t. What is the highest common divisor of t and 9?
9
Let z(c) = -c**3 - 4*c**2 + c + 4. Let l be z(-8). What is the highest common divisor of 28 and l?
28
Let a(s) = s**3 + 3*s**2 + 1. Let n be a(-3). Suppose -3*i = 4*u - 53, -5*u - i - i + 61 = 0. Calculate the highest common divisor of u and n.
1
Let y = 65 - 35. Let g = y - 6. What is the highest common factor of g and 12?
12
Let f = 5 + 9. Let q = 1 + 7. Let s be 281/4 - 2/q. Calculate the highest common divisor of f and s.
14
Suppose 4*r - 925 = 5*x, -740 = 4*x + r + 2*r. Let f = 329 + x. What is the greatest common divisor of 36 and f?
36
Let u(t) = t**3 - 19*t**2 - 19*t - 11. Let i be u(20). Suppose 5*a - 506 = -146. Calculate the highest common factor of i and a.
9
Suppose 3*a - 2*a = 16. Let z be (-2)/((4/6)/2). Let r(q) = q**3 + 6*q**2 - 3*q - 2. Let p be r(z). Calculate the highest common divisor of a and p.
16
Suppose -y + 30 = 4*y. Calculate the greatest common divisor of y and 78.
6
Let w be 1166/143 + (-2)/13. What is the highest common factor of 1 and w?
1
Let d be (1 - -1)*-2*-1. What is the highest common divisor of d and 2?
2
Suppose -6*u - 13 + 19 = 0. Suppose 3*q + i + 11 = -19, -2*i + 50 = -4*q. Let z = u - q. What is the highest common factor of 12 and z?
12
Let a(k) = k**3 - 3*k**2 + 4*k - 3. Let i be a(2). What is the highest common divisor of i and 4?
1
Let j(f) = f + 22 + 11 + f**3 + 0*f. Let q be j(0). Let k be (-11)/(-3) + (-4)/6. What is the greatest common divisor of k and q?
3
Suppose -2*y - 2*y + 32 = 0. Suppose 17*t = 19*t - 16. What is the highest common divisor of t and y?
8
Let z(j) = j**3 - 4*j**2 + j - 4. Let s be z(4). Suppose 5*r - 1 - 1 = f, s = -f + 3. Calculate the greatest common divisor of r and 3.
1
Suppose -3*m = 4*a - 28, -4*m + 2*m - 18 = -a. Suppose -x + 47 = 17. Suppose 2*d - 10 - x = 0. Calculate the highest common divisor of d and a.
10
Suppose 5*n = -2*z + 38, 2*z = n - 2*z + 10. Let o = 23 - 11. What is the highest common divisor of o and n?
6
Suppose -5*l = -0*l - 15. Calculate the greatest common factor of l and 2.
1
Let o = -8 - -29. Calculate the greatest common divisor of 14 and o.
7
Let g(h) = -4*h + h + 4*h + 2*h**2 - 3*h. Let x be g(-3). Calculate the greatest common divisor of x and 36.
12
Suppose -10 = -6*u + 4*u. Let v(a) = -a + 7. Let c be v(u). What is the highest common divisor of 6 and c?
2
Let s = -6 - -10. Let o = s + 4. Suppose k = o + 2. What is the greatest common divisor of k and 2?
2
Let c be -3 - (-40)/4*(-9)/(-6). What is the highest common factor of c and 42?
6
Let q = -403 - -568. Calculate the highest common factor of 15 and q.
15
Suppose 2*p - 24 = -3*a, 0*a - 5*a = 2*p - 16. What is the highest common divisor of p and 18?
18
Suppose 6*y - 9*y = -54. Suppose 5*c = -v - 0*v + 32, v - 5*c + y = 0. Calculate the highest common factor of v and 56.
7
Let w(p) = -p**2 + 9*p + 3. Let u be w(5). What is the highest common factor of u and 69?
23
Let j(b) = -b**3 + b**2 - 1 + 8*b**3 + b**3 + 0*b**2. Let d be j(1). Calculate the highest common divisor of d and 72.
8
Suppose -2*v = -t + 9, t + 0*t + 5*v = -12. Let n = 16 - t. Calculate the greatest common factor of 117 and n.
13
Suppose -w + 14 + 222 = -4*d, -w - 2*d + 218 = 0. Calculate the highest common factor of w and 56.
56
Let v(f) = 4*f**2 - 2*f**2 - 8*f - 3 - 3*f**2. Let a be v(-9). Let x = -8 - a. What is the greatest common divisor of x and 4?
4
Suppose 4 = 4*c - 4*z - 68, 12 = c + z. Let w(y) = -y + 12. Let t be w(9). What is the greatest common divisor of t and c?
3
Let u be ((-7)/(-2) + -2)*88. What is the highest common divisor of u and 12?
12
Let d = 109 + -11. Let z(m) = -5*m**2 + 9*m - 22. Let u be z(4). Let a = u + d. What is the greatest common factor of 8 and a?
8
Let v be (3/(-2) + 2)*38/19. What is the greatest common divisor of 19 and v?
1
Suppose -3*q + 6 = -6*q. Let r be (-1)/(q*3/30). What is the highest common divisor of r and 40?
5
Let i = -4 - -7. Suppose i*w - 8 = 7*w. Let j be (-14)/w + -2 + 0. Calculate the highest common divisor of 2 and j.
1
Let t = 13 - 7. Suppose -5*s + 106 = 3*d, d + d = 4*s + 56. Let r = -17 + d. What is the highest common divisor of t and r?
3
Let m be -2*(-4)/(-8) - -144. What is the highest common factor of m and 13?
13
Let i = 10 - 5. Suppose 5*y - 6*y + i = 0. Let c be 1/y - 118/(-10). Calculate the greatest common factor of c and 132.
12
Suppose -11*g = -92 - 524. What is the greatest common factor of 28 and g?
28
Let a be ((-2)/(-6))/(1/(-3)). Let y be 7 + 8/4 - a. What is the highest common factor of 2 and y?
2
Let s be 2/8 - (-33)/12. Suppose 5*t - 13 = z, -s*z - 12 = -6*z - 2*t. What is the highest common divisor of 2 and z?
2
Suppose -8*c + 9 = -7*c + v, -5*v + 36 = 4*c. What is the highest common factor of 9 and c?
9
Let c(j) = -6*j - 12. Let r be c(-5). What is the highest common divisor of r and 12?
6
Suppose 3*k - 3 = 3*h, -5*k + 5 = h - 4*h. Calculate the greatest common 